ommon divisor of 24 and y.
8
Let d be 14 - 0*(-1)/(-2). Let a = d - 2. Calculate the highest common divisor of 84 and a.
12
Suppose 0 = 2*x - 5*b - 76, -20 = b + 4*b. Calculate the highest common divisor of 84 and x.
28
Let b(v) = v + 3. Let a be b(5). Let d be (-40)/1*(-20)/a. Calculate the greatest common factor of d and 25.
25
Let v(u) = 55*u + 3. Let x(h) = h + 1. Let n(p) = -v(p) + 5*x(p). Let q be n(-1). What is the highest common divisor of 13 and q?
13
Let d = -9 + -5. Let h = 21 + d. Suppose 2*t - h = 1, -x + t = -4. What is the greatest common divisor of x and 56?
8
Let v be (-2)/(-3) + 619/3. Let a be (-2)/(-1 + 63/69). What is the greatest common divisor of v and a?
23
Let n(w) = -9*w - 18. Let g be n(-6). What is the greatest common factor of 4 and g?
4
Let z(x) = -x**3 - 9*x**2 - 8*x + 9. Let w be z(-8). What is the greatest common divisor of 9 and w?
9
Let y be (-1 + 1 + -1)*31. Let o = -20 - y. Let m be ((-32)/(-8) - 9)*(-2)/10. What is the greatest common divisor of o and m?
1
Let r(v) = -10*v - 2. Let l be r(-2). Suppose 0 = 2*h - 4. Let n = h + 0. Calculate the greatest common divisor of n and l.
2
Suppose -6*q + n = -2*q - 13, -q = -4*n - 7. Let v be (-1 - -101)/((-2)/(-6)). Suppose 48 = -q*l + v. Calculate the highest common divisor of l and 12.
12
Let l(n) = n. Let u be l(-2). Let h(f) = 7*f**2 + 4*f + 2. Let z be h(u). Calculate the greatest common factor of 11 and z.
11
Suppose 0 = o + o - 18. Let t be -6 - -3*85/(-45)*-9. What is the highest common divisor of t and o?
9
Let n be (-18)/12*44/3. Let m = 62 + n. What is the highest common divisor of 8 and m?
8
Let y = 25 - 11. Calculate the highest common factor of y and 42.
14
Let t = 3 - -2. Let y = t - 1. Suppose 0*i = -y*i + 72. What is the highest common factor of i and 18?
18
Suppose -7*q + 6*q - 2*b = -13, 60 = 5*q + 5*b. What is the greatest common factor of q and 22?
11
Let t be ((-22)/8)/(9/(-72)). What is the greatest common divisor of 154 and t?
22
Let r(l) = l**3 - 5*l**2 - 6*l. Let m be r(6). Let x(z) = z + 24. Let o be x(m). What is the greatest common divisor of o and 36?
12
Let o = 56 - 45. What is the greatest common factor of o and 11?
11
Suppose 3*a + 177 + 18 = 0. Let p = -29 - a. Suppose -p = -3*o + o. What is the highest common divisor of o and 45?
9
Suppose 5*o + 28 = 123. Let h = -31 + 50. Calculate the greatest common divisor of h and o.
19
Let n(o) = -8*o**3 - 1. Let b be n(-1). Suppose 2*t + 2340 = b*t. Suppose 468 = -0*m + 4*m + 5*p, 4*p = 4*m - t. What is the highest common divisor of 13 and m?
13
Let s(o) = -o**3 - 6*o**2 + 4*o + 26. Let a be s(-6). What is the greatest common factor of a and 32?
2
Suppose 3*w - 5 = 2*w. Let y(s) = s**3 + 7*s**2 + 5. Let n be y(-5). Calculate the highest common factor of n and w.
5
Let u(s) = 14*s**2 - 38*s - 30. Let o(r) = 5*r**2 - 13*r - 10. Let m(x) = 11*o(x) - 4*u(x). Let a be m(9). Calculate the highest common divisor of 5 and a.
5
Suppose -104 = 2*d - 20. Let z = 64 + d. Calculate the highest common factor of 55 and z.
11
Let k be -98*(-2)/16 - 8/32. What is the highest common factor of 204 and k?
12
Let p = 7 + -7. Suppose -3*i = h + 6, p = 3*i + 16 - 1. What is the greatest common divisor of 36 and h?
9
Suppose 4*v - 12 = 3*f, -f = -4*v + f + 12. What is the highest common divisor of v and 3?
3
Let f = -11 + 16. Suppose 0 = -f*m - 3*q + 23, 12 = -2*q - q. Let u = 3 + 4. What is the greatest common factor of u and m?
7
Let p(v) = v**3 + 16*v**2 + 20*v + 23. Let o be p(-14). Calculate the highest common divisor of o and 15.
15
Let f(y) = -6*y - 2 - 5*y + 5*y. Suppose -16 = 4*l + 8. Let i be f(l). What is the highest common factor of 51 and i?
17
Let l(h) = 2*h**3 - 3*h**2 + 3*h + 3. Let m be l(3). Suppose 0*o = -3*o - b + 31, b = 4*o - m. Calculate the highest common factor of 80 and o.
10
Let u = -4 + 3. Let i be 1 - u - (2 - 1). Suppose 2*l - 7*l = -15. Calculate the highest common factor of i and l.
1
Suppose -5*r = a - 125, 0 = -2*r + 4*a + 70 + 2. What is the highest common factor of r and 39?
13
Suppose 3*v - 5*v = -144. Calculate the highest common divisor of v and 180.
36
Let q(l) = l**2 + 2*l + 4. Let o be q(-2). Suppose -2*x = -x + o, 2*x = 2*w - 44. Calculate the greatest common factor of w and 45.
9
Let m(h) = h + 45. Let l be m(0). Suppose -5*p - 95 = 2*i, -2 - 3 = i. Let g = p + l. What is the greatest common factor of 42 and g?
14
Let z(f) = -3*f. Let w(r) = r - 12. Let h = 1 - -4. Let d be w(h). Let p be z(d). What is the greatest common divisor of p and 7?
7
Let d be 2 - 3/(9/(-6)). Calculate the greatest common divisor of d and 4.
4
Let q(n) = n + 4. Let k be (0 - -1) + 8/(-2). Let b be q(k). Let i = -1 + 2. What is the greatest common divisor of b and i?
1
Let v(i) = i**3 + 2*i**2 - 3*i + 4. Let a be v(3). Let z be (6 + -3)*a/3. What is the greatest common factor of 10 and z?
10
Let t = 1909 + -1080. Suppose 5*b - t = -29. What is the highest common factor of 20 and b?
20
Let f(t) = 7*t**2 - 15*t + 5. Let d(k) = -6*k**2 + 14*k - 4. Let n(c) = -6*d(c) - 5*f(c). Let b be n(11). What is the greatest common divisor of 84 and b?
21
Suppose -3*f + 9 = 3. Suppose -284 = -2*a + 2*g, 2*a + f*g = -a + 416. What is the greatest common divisor of 20 and a?
20
Let l(u) = -u**3 - 3*u**2 - 6*u + 1. Let x be l(-5). Suppose 4*a - 42 = -3*y, -5*y + 4*a + 21 + x = 0. What is the greatest common factor of y and 162?
18
Let b(l) = -l**3 + l**2 + l + 7. Let i(a) = -a**2 - a. Let u be i(0). Let r be b(u). Calculate the greatest common divisor of 14 and r.
7
Let z = 231 - 220. Let f = 3 + -2. Calculate the greatest common factor of f and z.
1
Suppose 0*m + m = 9. Let z = -212 + 111. Let n = z - -173. Calculate the highest common divisor of n and m.
9
Suppose 7 = 5*n - 18. Suppose -2*s - p + 22 = 0, -4*s + 3*s = -p - n. What is the highest common divisor of 9 and s?
9
Let g(x) = -6*x + 26. Let c be g(0). What is the greatest common divisor of 91 and c?
13
Let g(u) = 5*u - 10. Let w be g(7). Suppose 35 = 4*c + 2*j - 35, -c - 2*j + w = 0. What is the greatest common factor of c and 60?
15
Suppose 0*p + 4*p = -16, 2*q - 22 = 4*p. Suppose 4*a + 144 = q*u, -4*a - 3 = -2*u + 97. What is the highest common divisor of u and 4?
4
Let q = 21 - 3. Suppose 5 = -i - 1. Let w = i + 15. Calculate the greatest common divisor of q and w.
9
Suppose 2*w - 5 = 15. Let s be 4/(-3)*(-3)/2. Let i be -2 + 91 + 2/s. Calculate the highest common factor of w and i.
10
Suppose c + 7 = 5*v, 0 = -4*v + 8*c - 9*c + 2. Calculate the greatest common factor of 8 and v.
1
Let n(x) = x**2 + 2*x - 1. Let f be n(-4). Calculate the greatest common factor of 28 and f.
7
Suppose 2 = j + j. Let w be j*14*(1 - -3). What is the greatest common factor of 7 and w?
7
Suppose -7*m = -3*m - 160. What is the highest common factor of 10 and m?
10
Suppose 7 = -j + 2*c + 3*c, 10 = 4*j - c. Let g(v) = 3*v + 1. Let i be g(j). Let a(t) = 6*t + 2. Let y be a(3). What is the greatest common divisor of y and i?
10
Suppose -5*y = -0*y - 105. Suppose -c + 54 = -y. What is the highest common factor of 25 and c?
25
Suppose -16 = 4*y, 10*y = 5*v + 5*y - 50. What is the greatest common factor of 66 and v?
6
Suppose 4*v = x + 2*x + 24, -7 = v - 4*x. What is the highest common factor of 36 and v?
9
Suppose -5*x = -4*x - 6. Calculate the highest common factor of x and 9.
3
Suppose 4*u + 57 - 13 = 0. Let f = -6 - u. Let m = -32 + 52. What is the highest common divisor of m and f?
5
Let g be (-2 - (-12)/(-9))*-3. Let f = g - 18. Let x = f + 14. What is the highest common factor of x and 15?
3
Let n = -9 + 11. Suppose -68 = -n*y + 4. Calculate the highest common factor of y and 18.
18
Suppose -11 = -4*w + 17. Let i = -15 + w. Let b = 7 - i. What is the highest common divisor of 165 and b?
15
Let c(o) = 2*o**2 - 2*o. Let y be c(2). Suppose 6*r = y*r + 650. Suppose f - 195 = -2*f + w, r = 5*f + w. Calculate the greatest common factor of 26 and f.
13
Let r = -18 - -31. Calculate the highest common factor of r and 52.
13
Let y be ((-9)/(-6) + -1)*4. Suppose i + 7 = y*i. Let h(w) = -w**3 - 8*w**2 - 2*w + 19. Let j be h(-8). What is the greatest common factor of i and j?
7
Let x(z) = -z - 1. Let u(r) = r**2 - 4*r - 7. Let k(l) = -u(l) - 6*x(l). Suppose -4*c + 22 = -2*c. Let q be